{"id":119,"date":"2022-01-12T13:40:50","date_gmt":"2022-01-12T12:40:50","guid":{"rendered":"http:\/\/shop.elektronord.de\/?post_type=product&#038;p=119"},"modified":"2022-01-18T17:31:41","modified_gmt":"2022-01-18T16:31:41","slug":"jens-boettcher-viva-dolorosa-%c2%b7-mp3-album","status":"publish","type":"product","link":"https:\/\/schwarzweissradio.de\/shop\/produkt\/jens-boettcher-viva-dolorosa-%c2%b7-mp3-album\/","title":{"rendered":"Jens B\u00f6ttcher &#8211; Viva Dolorosa \u00b7 mp3 Album"},"content":{"rendered":"","protected":false},"excerpt":{"rendered":"<p><strong>Jens B\u00f6ttcher: Viva Dolorosa<\/strong><\/p>\n<p>Das dritte Solo-Album (inklusive \u201eSeelenfeiertag\u201c, \u201eMaria\u201c, \u201eIch kenn das auch\u201c). mp3 Version<\/p>\n<p><em>Mit dabei auf dieser Platte sind einige H\u00f6hepunkte von B\u00f6ttchers bisherigen Songwriter-Schaffens, die bereits bei Konzerten der letzten Jahre zu h\u00f6ren waren: &#8222;Novemberbaum&#8220; oder das zum Mitschnippen verf\u00fchrende, musikalisch leichtg\u00e4ngige &#8222;Ich kenn das auch&#8220; (\u2026) Lieder die man jederzeit f\u00fcr Therapiezwecke einsetzen kann, wenn man in dieser verr\u00fcckten Welt unter Selbstzweifeln zu leiden beginnt.<\/em><br \/>\n<em>(aus einer Rezension von Rainer Buck)<\/em><\/p>\n","protected":false},"featured_media":83,"template":"","meta":[],"product_cat":[21],"product_tag":[],"_links":{"self":[{"href":"https:\/\/schwarzweissradio.de\/shop\/wp-json\/wp\/v2\/product\/119"}],"collection":[{"href":"https:\/\/schwarzweissradio.de\/shop\/wp-json\/wp\/v2\/product"}],"about":[{"href":"https:\/\/schwarzweissradio.de\/shop\/wp-json\/wp\/v2\/types\/product"}],"wp:featuredmedia":[{"embeddable":true,"href":"https:\/\/schwarzweissradio.de\/shop\/wp-json\/wp\/v2\/media\/83"}],"wp:attachment":[{"href":"https:\/\/schwarzweissradio.de\/shop\/wp-json\/wp\/v2\/media?parent=119"}],"wp:term":[{"taxonomy":"product_cat","embeddable":true,"href":"https:\/\/schwarzweissradio.de\/shop\/wp-json\/wp\/v2\/product_cat?post=119"},{"taxonomy":"product_tag","embeddable":true,"href":"https:\/\/schwarzweissradio.de\/shop\/wp-json\/wp\/v2\/product_tag?post=119"}],"curies":[{"name":"wp","href":"https:\/\/api.w.org\/{rel}","templated":true}]}}